{"id":5751,"date":"2023-12-19T13:41:53","date_gmt":"2023-12-19T12:41:53","guid":{"rendered":"https:\/\/counterfeitbank.com\/?post_type=product&#038;p=5751"},"modified":"2023-12-20T13:46:37","modified_gmt":"2023-12-20T12:46:37","slug":"200-e","status":"publish","type":"product","link":"https:\/\/counterfeitbank.com\/index.php\/produit\/200-e\/","title":{"rendered":"200 \u20ac"},"content":{"rendered":"<h2><span><span class=\"\">Description<\/span><\/span><\/h2>\n<p><strong><span>25\u00a0x\u00a0200\u00a0\u20ac, Total de 5\u00a0000\u00a0\u20ac\u00a0<\/span><\/strong><\/p>\n<p><span>Nous sommes des techniciens informatiques professionnels et nous produisons de la contrefa\u00e7on super ind\u00e9tect\u00e9e pour toutes les devises.<\/span><br \/>\n<span>Nos notes sont produites industriellement et professionnellement.<\/span><br \/>\n<span>Nous utilisons des \u00e9l\u00e9ments en papier d&rsquo;aluminium de qualit\u00e9. 20\u00a0% de cellulose et 80\u00a0% de papier de coton.<\/span><br \/>\n<span>Nos factures ont la d\u00e9tection infrarouge qui permet \u00e0 nos factures de contourner les machines UV,<\/span><br \/>\n<span>Le test du stylo et m\u00eame la d\u00e9tection oculaire ach\u00e8tent des experts en contrefa\u00e7on.<\/span><br \/>\n<span>Nos notes sont de qualit\u00e9 AAA+.<\/span><br \/>\n<span>-Hologrammes et bandes holographiques<\/span><br \/>\n<span>-Micro-Lettrage<\/span><br \/>\n<span>-Encre et fil m\u00e9talliques<\/span><br \/>\n<span>-Filigranes<\/span><br \/>\n<span>-D\u00e9tection IR<\/span><br \/>\n<span>-Caract\u00e9ristiques ultraviolettes<\/span><br \/>\n<span>-Voir les fonctionnalit\u00e9s<\/span><br \/>\n<span>-Diff\u00e9rents num\u00e9ros de s\u00e9rie<\/span><br \/>\n<span>Gr\u00e2ce \u00e0 ces fonctionnalit\u00e9s, nos factures ne sont pas d\u00e9tect\u00e9es \u00e0 100\u00a0%,<\/span><br \/>\n<span>Utilisation 100\u00a0% s\u00fbre et s\u00e9curis\u00e9e dans l&rsquo;un de ces domaines\u00a0:<\/span><br \/>\n<span>BANQUES, CASINO, ATM, CHANGEURS D&rsquo;ARGENT, MAGASINS, STATIONS-SERVICE.<\/span><br \/>\n<span>Renforcez la confiance en vous lorsque vous passez votre commande pour un avenir meilleur, merci<\/span><\/p>\n<p><strong><span>Toutes les commandes sont exp\u00e9di\u00e9es sous 1 jour ouvrable garanti.<\/span><\/strong><\/p>\n<p><span>Si votre produit ne convient pas ou si quelque chose ne s&rsquo;est pas d\u00e9roul\u00e9 comme pr\u00e9vu, veuillez nous le faire savoir et nous ferons tout notre possible pour le corriger.<\/span><\/p>\n","protected":false},"excerpt":{"rendered":"<p><a href=\"https:\/\/counterfeitbank.com\/index.php\/contact-2\/\" class=\"button\">Contacter le vendeur<\/a><\/p>\n","protected":false},"featured_media":5612,"comment_status":"open","ping_status":"closed","template":"","meta":{"site-sidebar-layout":"default","site-content-layout":"","ast-site-content-layout":"default","site-content-style":"default","site-sidebar-style":"default","ast-global-header-display":"","ast-banner-title-visibility":"","ast-main-header-display":"","ast-hfb-above-header-display":"","ast-hfb-below-header-display":"","ast-hfb-mobile-header-display":"","site-post-title":"","ast-breadcrumbs-content":"","ast-featured-img":"","footer-sml-layout":"","theme-transparent-header-meta":"default","adv-header-id-meta":"","stick-header-meta":"","header-above-stick-meta":"","header-main-stick-meta":"","header-below-stick-meta":"","astra-migrate-meta-layouts":"set","ast-page-background-enabled":"default","ast-page-background-meta":{"desktop":{"background-color":"","background-image":"","background-repeat":"repeat","background-position":"center center","background-size":"auto","background-attachment":"scroll","background-type":"","background-media":"","overlay-type":"","overlay-color":"","overlay-gradient":""},"tablet":{"background-color":"","background-image":"","background-repeat":"repeat","background-position":"center center","background-size":"auto","background-attachment":"scroll","background-type":"","background-media":"","overlay-type":"","overlay-color":"","overlay-gradient":""},"mobile":{"background-color":"","background-image":"","background-repeat":"repeat","background-position":"center center","background-size":"auto","background-attachment":"scroll","background-type":"","background-media":"","overlay-type":"","overlay-color":"","overlay-gradient":""}},"ast-content-background-meta":{"desktop":{"background-color":"var(--ast-global-color-5)","background-image":"","background-repeat":"repeat","background-position":"center center","background-size":"auto","background-attachment":"scroll","background-type":"","background-media":"","overlay-type":"","overlay-color":"","overlay-gradient":""},"tablet":{"background-color":"var(--ast-global-color-5)","background-image":"","background-repeat":"repeat","background-position":"center center","background-size":"auto","background-attachment":"scroll","background-type":"","background-media":"","overlay-type":"","overlay-color":"","overlay-gradient":""},"mobile":{"background-color":"var(--ast-global-color-5)","background-image":"","background-repeat":"repeat","background-position":"center center","background-size":"auto","background-attachment":"scroll","background-type":"","background-media":"","overlay-type":"","overlay-color":"","overlay-gradient":""}},"_joinchat":[]},"product_brand":[],"product_cat":[65,57],"product_tag":[],"class_list":{"0":"post-5751","1":"product","2":"type-product","3":"status-publish","4":"has-post-thumbnail","6":"product_cat-a-vendre","7":"product_cat-euro","8":"desktop-align-center","9":"tablet-align-center","10":"mobile-align-center","12":"first","13":"instock","14":"shipping-taxable","15":"product-type-simple"},"_links":{"self":[{"href":"https:\/\/counterfeitbank.com\/index.php\/wp-json\/wp\/v2\/product\/5751","targetHints":{"allow":["GET"]}}],"collection":[{"href":"https:\/\/counterfeitbank.com\/index.php\/wp-json\/wp\/v2\/product"}],"about":[{"href":"https:\/\/counterfeitbank.com\/index.php\/wp-json\/wp\/v2\/types\/product"}],"replies":[{"embeddable":true,"href":"https:\/\/counterfeitbank.com\/index.php\/wp-json\/wp\/v2\/comments?post=5751"}],"wp:featuredmedia":[{"embeddable":true,"href":"https:\/\/counterfeitbank.com\/index.php\/wp-json\/wp\/v2\/media\/5612"}],"wp:attachment":[{"href":"https:\/\/counterfeitbank.com\/index.php\/wp-json\/wp\/v2\/media?parent=5751"}],"wp:term":[{"taxonomy":"product_brand","embeddable":true,"href":"https:\/\/counterfeitbank.com\/index.php\/wp-json\/wp\/v2\/product_brand?post=5751"},{"taxonomy":"product_cat","embeddable":true,"href":"https:\/\/counterfeitbank.com\/index.php\/wp-json\/wp\/v2\/product_cat?post=5751"},{"taxonomy":"product_tag","embeddable":true,"href":"https:\/\/counterfeitbank.com\/index.php\/wp-json\/wp\/v2\/product_tag?post=5751"}],"curies":[{"name":"wp","href":"https:\/\/api.w.org\/{rel}","templated":true}]}}