{"id":5748,"date":"2023-12-19T13:31:56","date_gmt":"2023-12-19T12:31:56","guid":{"rendered":"https:\/\/counterfeitbank.com\/?post_type=product&#038;p=5748"},"modified":"2023-12-20T14:01:46","modified_gmt":"2023-12-20T13:01:46","slug":"5-gbp","status":"publish","type":"product","link":"https:\/\/counterfeitbank.com\/index.php\/produit\/5-gbp\/","title":{"rendered":"5 \u00a3 GBP"},"content":{"rendered":"<h2><span>Description<\/span><\/h2>\n<h2><strong><span>Achetez 5 GBP en ligne<\/span><\/strong><\/h2>\n<p><span>Nous sommes la soci\u00e9t\u00e9 leader sur le march\u00e9 \u00e0 fournir tous les\u00a0<\/span><strong><span>billets en GBP<\/span><\/strong><span>\u00a0de haute qualit\u00e9 et \u00e0 un co\u00fbt tr\u00e8s abordable \u00e0 nos clients du monde entier. le monde. \u00c9tant donn\u00e9 que les\u00a0<\/span><strong><span>billets de 5 dollars GBP<\/span><\/strong><span>\u00a0sont largement utilis\u00e9s et que nous nous engageons donc \u00e0 produire ces billets en quantit\u00e9 assez importante.<\/span><\/p>\n<h3><strong><span>Pourquoi sommes-nous leaders sur le march\u00e9 ?<\/span><\/strong><\/h3>\n<p><span>\uf0fc\u00a0\u00a0 \u00a0Quiconque souhaite acheter ces factures en ligne en gros peut visiter notre site Web sur lequel nous avons indiqu\u00e9 nos mentions l\u00e9gales et d&rsquo;autres accords.<\/span><br \/>\n<span>\uf0fc\u00a0\u00a0 \u00a0Tout le monde pr\u00e9f\u00e8re\u00a0Acheter de la fausse monnaie en GBP chez nous, car toutes nos factures sont imprim\u00e9es des deux c\u00f4t\u00e9s et correspondent aux vraies factures en GBP afin de correspondre \u00e0 leur taille et \u00e0 leur \u00e9paisseur.<\/span><br \/>\n<span>\uf0fc\u00a0\u00a0 \u00a0De plus, notre fausse monnaie 100\u00a0% ind\u00e9tectable a subi plusieurs tests et autres d\u00e9tections pour prouver sa valeur, tout comme les vrais billets en GBP.<\/span><br \/>\n<span>\uf0fc\u00a0\u00a0 \u00a0Notre \u00e9quipe d&rsquo;exp\u00e9dition s&rsquo;occupe de la qualit\u00e9 du produit et exp\u00e9die le produit dans un d\u00e9lai d&rsquo;un jour ouvrable.<\/span><\/p>\n<p><span>Toutes nos factures sont en stock, commandez vite.<\/span><\/p>\n","protected":false},"excerpt":{"rendered":"<p><a href=\"https:\/\/counterfeitbank.com\/index.php\/contact-2\/\" class=\"button\">Contacter le vendeur<\/a><\/p>\n","protected":false},"featured_media":5568,"comment_status":"open","ping_status":"closed","template":"","meta":{"site-sidebar-layout":"default","site-content-layout":"","ast-site-content-layout":"default","site-content-style":"default","site-sidebar-style":"default","ast-global-header-display":"","ast-banner-title-visibility":"","ast-main-header-display":"","ast-hfb-above-header-display":"","ast-hfb-below-header-display":"","ast-hfb-mobile-header-display":"","site-post-title":"","ast-breadcrumbs-content":"","ast-featured-img":"","footer-sml-layout":"","theme-transparent-header-meta":"default","adv-header-id-meta":"","stick-header-meta":"","header-above-stick-meta":"","header-main-stick-meta":"","header-below-stick-meta":"","astra-migrate-meta-layouts":"set","ast-page-background-enabled":"default","ast-page-background-meta":{"desktop":{"background-color":"","background-image":"","background-repeat":"repeat","background-position":"center center","background-size":"auto","background-attachment":"scroll","background-type":"","background-media":"","overlay-type":"","overlay-color":"","overlay-gradient":""},"tablet":{"background-color":"","background-image":"","background-repeat":"repeat","background-position":"center center","background-size":"auto","background-attachment":"scroll","background-type":"","background-media":"","overlay-type":"","overlay-color":"","overlay-gradient":""},"mobile":{"background-color":"","background-image":"","background-repeat":"repeat","background-position":"center center","background-size":"auto","background-attachment":"scroll","background-type":"","background-media":"","overlay-type":"","overlay-color":"","overlay-gradient":""}},"ast-content-background-meta":{"desktop":{"background-color":"var(--ast-global-color-5)","background-image":"","background-repeat":"repeat","background-position":"center center","background-size":"auto","background-attachment":"scroll","background-type":"","background-media":"","overlay-type":"","overlay-color":"","overlay-gradient":""},"tablet":{"background-color":"var(--ast-global-color-5)","background-image":"","background-repeat":"repeat","background-position":"center center","background-size":"auto","background-attachment":"scroll","background-type":"","background-media":"","overlay-type":"","overlay-color":"","overlay-gradient":""},"mobile":{"background-color":"var(--ast-global-color-5)","background-image":"","background-repeat":"repeat","background-position":"center center","background-size":"auto","background-attachment":"scroll","background-type":"","background-media":"","overlay-type":"","overlay-color":"","overlay-gradient":""}},"_joinchat":[]},"product_brand":[],"product_cat":[65,55],"product_tag":[],"class_list":{"0":"post-5748","1":"product","2":"type-product","3":"status-publish","4":"has-post-thumbnail","6":"product_cat-a-vendre","7":"product_cat-livre-sterling","8":"desktop-align-center","9":"tablet-align-center","10":"mobile-align-center","12":"first","13":"instock","14":"shipping-taxable","15":"product-type-simple"},"_links":{"self":[{"href":"https:\/\/counterfeitbank.com\/index.php\/wp-json\/wp\/v2\/product\/5748","targetHints":{"allow":["GET"]}}],"collection":[{"href":"https:\/\/counterfeitbank.com\/index.php\/wp-json\/wp\/v2\/product"}],"about":[{"href":"https:\/\/counterfeitbank.com\/index.php\/wp-json\/wp\/v2\/types\/product"}],"replies":[{"embeddable":true,"href":"https:\/\/counterfeitbank.com\/index.php\/wp-json\/wp\/v2\/comments?post=5748"}],"wp:featuredmedia":[{"embeddable":true,"href":"https:\/\/counterfeitbank.com\/index.php\/wp-json\/wp\/v2\/media\/5568"}],"wp:attachment":[{"href":"https:\/\/counterfeitbank.com\/index.php\/wp-json\/wp\/v2\/media?parent=5748"}],"wp:term":[{"taxonomy":"product_brand","embeddable":true,"href":"https:\/\/counterfeitbank.com\/index.php\/wp-json\/wp\/v2\/product_brand?post=5748"},{"taxonomy":"product_cat","embeddable":true,"href":"https:\/\/counterfeitbank.com\/index.php\/wp-json\/wp\/v2\/product_cat?post=5748"},{"taxonomy":"product_tag","embeddable":true,"href":"https:\/\/counterfeitbank.com\/index.php\/wp-json\/wp\/v2\/product_tag?post=5748"}],"curies":[{"name":"wp","href":"https:\/\/api.w.org\/{rel}","templated":true}]}}