{"id":5747,"date":"2023-12-19T13:29:42","date_gmt":"2023-12-19T12:29:42","guid":{"rendered":"https:\/\/counterfeitbank.com\/?post_type=product&#038;p=5747"},"modified":"2023-12-20T14:01:54","modified_gmt":"2023-12-20T13:01:54","slug":"10-gbp","status":"publish","type":"product","link":"https:\/\/counterfeitbank.com\/index.php\/produit\/10-gbp\/","title":{"rendered":"10 \u00a3 GBP"},"content":{"rendered":"<h2><span>Description<\/span><\/h2>\n<h2><strong><span>Achetez 10\u00a0GBP en ligne<\/span><\/strong><\/h2>\n<p><span>Les billets les plus utilis\u00e9s sur le march\u00e9 sont\u00a0<\/span><strong><span>les billets de 10\u00a0GBP<\/span><\/strong><span>. Notre soci\u00e9t\u00e9 d\u00e9tient son plus grand stock sur le march\u00e9, compos\u00e9 de polym\u00e8res de bonne qualit\u00e9, de machines de bonne qualit\u00e9, d&rsquo;une excellente conception de polices et d&rsquo;autres sp\u00e9cifications. L&rsquo;impression tient sur les deux c\u00f4t\u00e9s et contient des images 3D. Lisez nos mentions l\u00e9gales avant de passer votre commande en ligne sur notre site Internet. Afin de les faire ressembler \u00e0 de vrais billets de 10 GBP, notre soci\u00e9t\u00e9 utilise de bons produits, assez \u00e9pais et efficaces.<\/span><\/p>\n<h3><strong><span>Quelques informations suppl\u00e9mentaires sur nos factures produites\u00a0:<\/span><\/strong><\/h3>\n<p><span>\uf0fc\u00a0\u00a0 \u00a0Nous produisons de la fausse monnaie en dollars GBP de haute qualit\u00e9 pour nos clients du monde entier.<\/span><br \/>\n<span>\uf0fc\u00a0\u00a0 \u00a0Les notes correspondent parfaitement \u00e0 la taille et \u00e0 l&rsquo;\u00e9paisseur r\u00e9elles des notes afin de les rendre semblables aux vraies.<\/span><br \/>\n<span>\uf0fc\u00a0\u00a0 \u00a0De plus, le prix de ces factures est relativement bas par rapport \u00e0 d&rsquo;autres sites Web.<\/span><\/p>\n<p><span>Consultez le site Web pour en savoir plus sur notre\u00a0<\/span><strong><span>Fausse monnaie GBP<\/span><\/strong><span>\u00a0et d&rsquo;autres informations en d\u00e9tail. Tous les produits sont exp\u00e9di\u00e9s par nos soins \u00e0 temps sous 1 jour ouvrable.<\/span><\/p>\n","protected":false},"excerpt":{"rendered":"<p><a href=\"https:\/\/counterfeitbank.com\/index.php\/contact-2\/\" class=\"button\">Contacter le vendeur<\/a><\/p>\n","protected":false},"featured_media":5573,"comment_status":"open","ping_status":"closed","template":"","meta":{"site-sidebar-layout":"default","site-content-layout":"","ast-site-content-layout":"default","site-content-style":"default","site-sidebar-style":"default","ast-global-header-display":"","ast-banner-title-visibility":"","ast-main-header-display":"","ast-hfb-above-header-display":"","ast-hfb-below-header-display":"","ast-hfb-mobile-header-display":"","site-post-title":"","ast-breadcrumbs-content":"","ast-featured-img":"","footer-sml-layout":"","theme-transparent-header-meta":"default","adv-header-id-meta":"","stick-header-meta":"","header-above-stick-meta":"","header-main-stick-meta":"","header-below-stick-meta":"","astra-migrate-meta-layouts":"set","ast-page-background-enabled":"default","ast-page-background-meta":{"desktop":{"background-color":"","background-image":"","background-repeat":"repeat","background-position":"center center","background-size":"auto","background-attachment":"scroll","background-type":"","background-media":"","overlay-type":"","overlay-color":"","overlay-gradient":""},"tablet":{"background-color":"","background-image":"","background-repeat":"repeat","background-position":"center center","background-size":"auto","background-attachment":"scroll","background-type":"","background-media":"","overlay-type":"","overlay-color":"","overlay-gradient":""},"mobile":{"background-color":"","background-image":"","background-repeat":"repeat","background-position":"center center","background-size":"auto","background-attachment":"scroll","background-type":"","background-media":"","overlay-type":"","overlay-color":"","overlay-gradient":""}},"ast-content-background-meta":{"desktop":{"background-color":"var(--ast-global-color-5)","background-image":"","background-repeat":"repeat","background-position":"center center","background-size":"auto","background-attachment":"scroll","background-type":"","background-media":"","overlay-type":"","overlay-color":"","overlay-gradient":""},"tablet":{"background-color":"var(--ast-global-color-5)","background-image":"","background-repeat":"repeat","background-position":"center center","background-size":"auto","background-attachment":"scroll","background-type":"","background-media":"","overlay-type":"","overlay-color":"","overlay-gradient":""},"mobile":{"background-color":"var(--ast-global-color-5)","background-image":"","background-repeat":"repeat","background-position":"center center","background-size":"auto","background-attachment":"scroll","background-type":"","background-media":"","overlay-type":"","overlay-color":"","overlay-gradient":""}},"_joinchat":[]},"product_brand":[],"product_cat":[65,55],"product_tag":[],"class_list":{"0":"post-5747","1":"product","2":"type-product","3":"status-publish","4":"has-post-thumbnail","6":"product_cat-a-vendre","7":"product_cat-livre-sterling","8":"desktop-align-center","9":"tablet-align-center","10":"mobile-align-center","12":"first","13":"instock","14":"shipping-taxable","15":"product-type-simple"},"_links":{"self":[{"href":"https:\/\/counterfeitbank.com\/index.php\/wp-json\/wp\/v2\/product\/5747","targetHints":{"allow":["GET"]}}],"collection":[{"href":"https:\/\/counterfeitbank.com\/index.php\/wp-json\/wp\/v2\/product"}],"about":[{"href":"https:\/\/counterfeitbank.com\/index.php\/wp-json\/wp\/v2\/types\/product"}],"replies":[{"embeddable":true,"href":"https:\/\/counterfeitbank.com\/index.php\/wp-json\/wp\/v2\/comments?post=5747"}],"wp:featuredmedia":[{"embeddable":true,"href":"https:\/\/counterfeitbank.com\/index.php\/wp-json\/wp\/v2\/media\/5573"}],"wp:attachment":[{"href":"https:\/\/counterfeitbank.com\/index.php\/wp-json\/wp\/v2\/media?parent=5747"}],"wp:term":[{"taxonomy":"product_brand","embeddable":true,"href":"https:\/\/counterfeitbank.com\/index.php\/wp-json\/wp\/v2\/product_brand?post=5747"},{"taxonomy":"product_cat","embeddable":true,"href":"https:\/\/counterfeitbank.com\/index.php\/wp-json\/wp\/v2\/product_cat?post=5747"},{"taxonomy":"product_tag","embeddable":true,"href":"https:\/\/counterfeitbank.com\/index.php\/wp-json\/wp\/v2\/product_tag?post=5747"}],"curies":[{"name":"wp","href":"https:\/\/api.w.org\/{rel}","templated":true}]}}