{"id":5744,"date":"2023-12-19T13:19:47","date_gmt":"2023-12-19T12:19:47","guid":{"rendered":"https:\/\/counterfeitbank.com\/?post_type=product&#038;p=5744"},"modified":"2023-12-20T14:04:11","modified_gmt":"2023-12-20T13:04:11","slug":"50-cad","status":"publish","type":"product","link":"https:\/\/counterfeitbank.com\/index.php\/produit\/50-cad\/","title":{"rendered":"50 $ CAD"},"content":{"rendered":"<h2><span>Description<\/span><\/h2>\n<h2><strong><span>Achetez 50 CAD en ligne<\/span><\/strong><\/h2>\n<p><span>Vous pouvez\u00a0<\/span><strong><span>Acheter de la fausse monnaie CAD<\/span><\/strong><span>\u00a0sur Buyundetectablecounterfeit en ligne si vous recherchez la valeur nominale de 50. Nous produisons 100\u00a0%\u00a0\u00a0pour nos clients. \u00c9tant donn\u00e9 que les vraies factures CAO sont constitu\u00e9es d\u2019un polym\u00e8re de bonne qualit\u00e9 qui propose de bons designs et couleurs de police. Nous avons \u00e9galement r\u00e9ussi \u00e0 faire correspondre les couleurs en utilisant des polices de couleurs \u00e9lev\u00e9es, de bonnes machines et d&rsquo;autres \u00e9l\u00e9ments dans notre production.<\/span><strong><span>Fausse monnaie ind\u00e9tectable<\/span><\/strong><\/p>\n<h3><strong><span>Conna\u00eetre nos tests de qualit\u00e9 et nos informations d\u2019exp\u00e9dition\u00a0:<\/span><\/strong><\/h3>\n<p><span>\u2022\u00a0\u00a0 \u00a0Toutes nos factures de 50 CAD sont strictement soumises aux tests de d\u00e9tection et aux inspections pour r\u00e9sister au march\u00e9.<\/span><\/p>\n<p><span>\u2022\u00a0\u00a0 \u00a0Les acheteurs qui ach\u00e8tent chez nous doivent accepter nos mentions l\u00e9gales indiqu\u00e9es sur notre site Web. En outre, toutes nos monnaies fabriqu\u00e9es par l\u2019industrie sont vendues uniquement \u00e0 des fins cin\u00e9matographiques. Ainsi, si vous souhaitez\u00a0<\/span><strong><span>Acheter de la fausse monnaie<\/span><\/strong><span>\u00a0chez nous, assurez-vous d&rsquo;accepter nos conditions g\u00e9n\u00e9rales.<\/span><\/p>\n<p><span>Les int\u00e9ress\u00e9s commandent bient\u00f4t.<\/span><\/p>\n","protected":false},"excerpt":{"rendered":"<p><a href=\"https:\/\/counterfeitbank.com\/index.php\/contact-2\/\" class=\"button\">Contacter le vendeur<\/a><\/p>\n","protected":false},"featured_media":5592,"comment_status":"open","ping_status":"closed","template":"","meta":{"site-sidebar-layout":"default","site-content-layout":"","ast-site-content-layout":"default","site-content-style":"default","site-sidebar-style":"default","ast-global-header-display":"","ast-banner-title-visibility":"","ast-main-header-display":"","ast-hfb-above-header-display":"","ast-hfb-below-header-display":"","ast-hfb-mobile-header-display":"","site-post-title":"","ast-breadcrumbs-content":"","ast-featured-img":"","footer-sml-layout":"","theme-transparent-header-meta":"default","adv-header-id-meta":"","stick-header-meta":"","header-above-stick-meta":"","header-main-stick-meta":"","header-below-stick-meta":"","astra-migrate-meta-layouts":"set","ast-page-background-enabled":"default","ast-page-background-meta":{"desktop":{"background-color":"","background-image":"","background-repeat":"repeat","background-position":"center center","background-size":"auto","background-attachment":"scroll","background-type":"","background-media":"","overlay-type":"","overlay-color":"","overlay-gradient":""},"tablet":{"background-color":"","background-image":"","background-repeat":"repeat","background-position":"center center","background-size":"auto","background-attachment":"scroll","background-type":"","background-media":"","overlay-type":"","overlay-color":"","overlay-gradient":""},"mobile":{"background-color":"","background-image":"","background-repeat":"repeat","background-position":"center center","background-size":"auto","background-attachment":"scroll","background-type":"","background-media":"","overlay-type":"","overlay-color":"","overlay-gradient":""}},"ast-content-background-meta":{"desktop":{"background-color":"var(--ast-global-color-5)","background-image":"","background-repeat":"repeat","background-position":"center center","background-size":"auto","background-attachment":"scroll","background-type":"","background-media":"","overlay-type":"","overlay-color":"","overlay-gradient":""},"tablet":{"background-color":"var(--ast-global-color-5)","background-image":"","background-repeat":"repeat","background-position":"center center","background-size":"auto","background-attachment":"scroll","background-type":"","background-media":"","overlay-type":"","overlay-color":"","overlay-gradient":""},"mobile":{"background-color":"var(--ast-global-color-5)","background-image":"","background-repeat":"repeat","background-position":"center center","background-size":"auto","background-attachment":"scroll","background-type":"","background-media":"","overlay-type":"","overlay-color":"","overlay-gradient":""}},"_joinchat":[]},"product_brand":[],"product_cat":[65,56],"product_tag":[],"class_list":{"0":"post-5744","1":"product","2":"type-product","3":"status-publish","4":"has-post-thumbnail","6":"product_cat-a-vendre","7":"product_cat-dollar-canadien","8":"desktop-align-center","9":"tablet-align-center","10":"mobile-align-center","12":"first","13":"instock","14":"shipping-taxable","15":"product-type-simple"},"_links":{"self":[{"href":"https:\/\/counterfeitbank.com\/index.php\/wp-json\/wp\/v2\/product\/5744","targetHints":{"allow":["GET"]}}],"collection":[{"href":"https:\/\/counterfeitbank.com\/index.php\/wp-json\/wp\/v2\/product"}],"about":[{"href":"https:\/\/counterfeitbank.com\/index.php\/wp-json\/wp\/v2\/types\/product"}],"replies":[{"embeddable":true,"href":"https:\/\/counterfeitbank.com\/index.php\/wp-json\/wp\/v2\/comments?post=5744"}],"wp:featuredmedia":[{"embeddable":true,"href":"https:\/\/counterfeitbank.com\/index.php\/wp-json\/wp\/v2\/media\/5592"}],"wp:attachment":[{"href":"https:\/\/counterfeitbank.com\/index.php\/wp-json\/wp\/v2\/media?parent=5744"}],"wp:term":[{"taxonomy":"product_brand","embeddable":true,"href":"https:\/\/counterfeitbank.com\/index.php\/wp-json\/wp\/v2\/product_brand?post=5744"},{"taxonomy":"product_cat","embeddable":true,"href":"https:\/\/counterfeitbank.com\/index.php\/wp-json\/wp\/v2\/product_cat?post=5744"},{"taxonomy":"product_tag","embeddable":true,"href":"https:\/\/counterfeitbank.com\/index.php\/wp-json\/wp\/v2\/product_tag?post=5744"}],"curies":[{"name":"wp","href":"https:\/\/api.w.org\/{rel}","templated":true}]}}