{"id":5743,"date":"2023-12-19T13:17:30","date_gmt":"2023-12-19T12:17:30","guid":{"rendered":"https:\/\/counterfeitbank.com\/?post_type=product&#038;p=5743"},"modified":"2023-12-20T14:04:00","modified_gmt":"2023-12-20T13:04:00","slug":"100-cad","status":"publish","type":"product","link":"https:\/\/counterfeitbank.com\/index.php\/produit\/100-cad\/","title":{"rendered":"100 $ CAD"},"content":{"rendered":"<h2><span>Description<\/span><\/h2>\n<h2><strong><span>Achetez 100 CAD en ligne<\/span><\/strong><\/h2>\n<p><span>\u00c9tant donn\u00e9 que ces billets de 100 CAD ne sont pas tr\u00e8s utilis\u00e9s, notre soci\u00e9t\u00e9 les produit en quantit\u00e9 limit\u00e9e ou \u00e0 la demande de nos clients.<\/span><\/p>\n<h3><strong><span>Qu&rsquo;est-ce qui nous a rendu populaire aupr\u00e8s des clients\u00a0?<\/span><\/strong><\/h3>\n<p><span>\u2022\u00a0\u00a0 \u00a0Tous les acheteurs \u00e0 travers le pays qui\u00a0<\/span><strong><span>Ach\u00e8tent de la fausse monnaie CAD<\/span><\/strong><span>\u00a0chez nous car ils sont enti\u00e8rement satisfaits de nos services. Toutes nos factures produites sont parfaitement con\u00e7ues pour ressembler \u00e0 des factures r\u00e9elles et elles sont les plus proches de l&rsquo;endroit o\u00f9 vous pouvez trouver la vraie chose \u00e0 travers le monde.<\/span><\/p>\n<p><span>\u2022\u00a0\u00a0 \u00a0Les autres caract\u00e9ristiques que vous trouverez dans nos fausses factures CAO sont qu&rsquo;elles sont enti\u00e8rement imprim\u00e9es en couleur des deux c\u00f4t\u00e9s et sont exemptes de fuites de couleur, d&rsquo;orthographe de police et autres.<\/span><\/p>\n<p><span>\u2022\u00a0\u00a0 \u00a0Toutes ces factures sont sp\u00e9cialement con\u00e7ues pour \u00eatre utilis\u00e9es en particulier dans les films cin\u00e9matographiques. De plus, lors de l&rsquo;achat des\u00a0<\/span><strong><span>Billets de 100 CAD<\/span><\/strong><span>, vous devez accepter les conditions de notre politique selon lesquelles les billets que vous ach\u00e8terez ne seront utilis\u00e9s que pour des activit\u00e9s l\u00e9gales.<\/span><\/p>\n<p><span>Achetez-les en ligne sur notre site Web \u00e0 un prix abordable.<\/span><\/p>\n","protected":false},"excerpt":{"rendered":"<p><a href=\"https:\/\/counterfeitbank.com\/index.php\/contact-2\/\" class=\"button\">Contacter le vendeur<\/a><\/p>\n","protected":false},"featured_media":5602,"comment_status":"open","ping_status":"closed","template":"","meta":{"site-sidebar-layout":"default","site-content-layout":"","ast-site-content-layout":"default","site-content-style":"default","site-sidebar-style":"default","ast-global-header-display":"","ast-banner-title-visibility":"","ast-main-header-display":"","ast-hfb-above-header-display":"","ast-hfb-below-header-display":"","ast-hfb-mobile-header-display":"","site-post-title":"","ast-breadcrumbs-content":"","ast-featured-img":"","footer-sml-layout":"","theme-transparent-header-meta":"default","adv-header-id-meta":"","stick-header-meta":"","header-above-stick-meta":"","header-main-stick-meta":"","header-below-stick-meta":"","astra-migrate-meta-layouts":"set","ast-page-background-enabled":"default","ast-page-background-meta":{"desktop":{"background-color":"","background-image":"","background-repeat":"repeat","background-position":"center center","background-size":"auto","background-attachment":"scroll","background-type":"","background-media":"","overlay-type":"","overlay-color":"","overlay-gradient":""},"tablet":{"background-color":"","background-image":"","background-repeat":"repeat","background-position":"center center","background-size":"auto","background-attachment":"scroll","background-type":"","background-media":"","overlay-type":"","overlay-color":"","overlay-gradient":""},"mobile":{"background-color":"","background-image":"","background-repeat":"repeat","background-position":"center center","background-size":"auto","background-attachment":"scroll","background-type":"","background-media":"","overlay-type":"","overlay-color":"","overlay-gradient":""}},"ast-content-background-meta":{"desktop":{"background-color":"var(--ast-global-color-5)","background-image":"","background-repeat":"repeat","background-position":"center center","background-size":"auto","background-attachment":"scroll","background-type":"","background-media":"","overlay-type":"","overlay-color":"","overlay-gradient":""},"tablet":{"background-color":"var(--ast-global-color-5)","background-image":"","background-repeat":"repeat","background-position":"center center","background-size":"auto","background-attachment":"scroll","background-type":"","background-media":"","overlay-type":"","overlay-color":"","overlay-gradient":""},"mobile":{"background-color":"var(--ast-global-color-5)","background-image":"","background-repeat":"repeat","background-position":"center center","background-size":"auto","background-attachment":"scroll","background-type":"","background-media":"","overlay-type":"","overlay-color":"","overlay-gradient":""}},"_joinchat":[]},"product_brand":[],"product_cat":[65,56],"product_tag":[],"class_list":{"0":"post-5743","1":"product","2":"type-product","3":"status-publish","4":"has-post-thumbnail","6":"product_cat-a-vendre","7":"product_cat-dollar-canadien","8":"desktop-align-center","9":"tablet-align-center","10":"mobile-align-center","12":"first","13":"instock","14":"shipping-taxable","15":"product-type-simple"},"_links":{"self":[{"href":"https:\/\/counterfeitbank.com\/index.php\/wp-json\/wp\/v2\/product\/5743","targetHints":{"allow":["GET"]}}],"collection":[{"href":"https:\/\/counterfeitbank.com\/index.php\/wp-json\/wp\/v2\/product"}],"about":[{"href":"https:\/\/counterfeitbank.com\/index.php\/wp-json\/wp\/v2\/types\/product"}],"replies":[{"embeddable":true,"href":"https:\/\/counterfeitbank.com\/index.php\/wp-json\/wp\/v2\/comments?post=5743"}],"wp:featuredmedia":[{"embeddable":true,"href":"https:\/\/counterfeitbank.com\/index.php\/wp-json\/wp\/v2\/media\/5602"}],"wp:attachment":[{"href":"https:\/\/counterfeitbank.com\/index.php\/wp-json\/wp\/v2\/media?parent=5743"}],"wp:term":[{"taxonomy":"product_brand","embeddable":true,"href":"https:\/\/counterfeitbank.com\/index.php\/wp-json\/wp\/v2\/product_brand?post=5743"},{"taxonomy":"product_cat","embeddable":true,"href":"https:\/\/counterfeitbank.com\/index.php\/wp-json\/wp\/v2\/product_cat?post=5743"},{"taxonomy":"product_tag","embeddable":true,"href":"https:\/\/counterfeitbank.com\/index.php\/wp-json\/wp\/v2\/product_tag?post=5743"}],"curies":[{"name":"wp","href":"https:\/\/api.w.org\/{rel}","templated":true}]}}