{"id":5741,"date":"2023-12-19T13:11:46","date_gmt":"2023-12-19T12:11:46","guid":{"rendered":"https:\/\/counterfeitbank.com\/?post_type=product&#038;p=5741"},"modified":"2023-12-20T14:30:01","modified_gmt":"2023-12-20T13:30:01","slug":"50-usd","status":"publish","type":"product","link":"https:\/\/counterfeitbank.com\/index.php\/produit\/50-usd\/","title":{"rendered":"50 USD"},"content":{"rendered":"<h2><span>Description<\/span><\/h2>\n<h2><strong><span>Achetez 50 USD en ligne<\/span><\/strong><\/h2>\n<p><span>Comme ces billets en dollars am\u00e9ricains sont beaucoup moins utilis\u00e9s sur les march\u00e9s am\u00e9ricains, notre soci\u00e9t\u00e9 se concentre principalement sur la production de ces billets soit en moindre quantit\u00e9, soit \u00e0 la demande de nos clients. La disponibilit\u00e9 des stocks est limit\u00e9e et peut \u00eatre \u00e9tendue sur demande.<\/span><\/p>\n<h3><strong><span>En savoir plus sur nos factures produites :<\/span><\/strong><\/h3>\n<p><span>1. Ces billets de 50\u00a0USD sont constitu\u00e9s \u00e0 100\u00a0%\u00a0<\/span><strong><span>de fausse monnaie<\/span><\/strong><span>\u00a0qui est con\u00e7ue de telle sorte qu&rsquo;ils ressemblent beaucoup aux vrais billets lorsqu&rsquo;on les compare. Lisez nos conditions g\u00e9n\u00e9rales indiqu\u00e9es sur notre site Web avant d&rsquo;acheter.<\/span><\/p>\n<p><span>2. En dehors de cela, les fonctionnalit\u00e9s incluent son excellent\u00a0<\/span><strong><span>Fausse monnaie ind\u00e9tectable<\/span><\/strong><span>\u00a0et aucune d\u00e9coloration ni faute d&rsquo;orthographe. De plus, les notes sont enti\u00e8rement imprim\u00e9es sur les deux faces. Les factures sont particuli\u00e8rement utilis\u00e9es \u00e0 des fins cin\u00e9matographiques et lors de leur achat, vous devez accepter que ces notes seront utilis\u00e9es pour les activit\u00e9s l\u00e9gales.<\/span><br \/>\n<span>Si des difficult\u00e9s surviennent, vous pouvez facilement nous contacter, nous les corrigerons dans les plus brefs d\u00e9lais. Pour en savoir plus, vous pouvez visiter leur site officiel et nous contacter.<\/span><\/p>\n","protected":false},"excerpt":{"rendered":"<p><a href=\"https:\/\/counterfeitbank.com\/index.php\/contact-2\/\" class=\"button\">Contacter le vendeur<\/a><\/p>\n","protected":false},"featured_media":5587,"comment_status":"open","ping_status":"closed","template":"","meta":{"site-sidebar-layout":"default","site-content-layout":"","ast-site-content-layout":"default","site-content-style":"default","site-sidebar-style":"default","ast-global-header-display":"","ast-banner-title-visibility":"","ast-main-header-display":"","ast-hfb-above-header-display":"","ast-hfb-below-header-display":"","ast-hfb-mobile-header-display":"","site-post-title":"","ast-breadcrumbs-content":"","ast-featured-img":"","footer-sml-layout":"","theme-transparent-header-meta":"default","adv-header-id-meta":"","stick-header-meta":"","header-above-stick-meta":"","header-main-stick-meta":"","header-below-stick-meta":"","astra-migrate-meta-layouts":"set","ast-page-background-enabled":"default","ast-page-background-meta":{"desktop":{"background-color":"","background-image":"","background-repeat":"repeat","background-position":"center center","background-size":"auto","background-attachment":"scroll","background-type":"","background-media":"","overlay-type":"","overlay-color":"","overlay-gradient":""},"tablet":{"background-color":"","background-image":"","background-repeat":"repeat","background-position":"center center","background-size":"auto","background-attachment":"scroll","background-type":"","background-media":"","overlay-type":"","overlay-color":"","overlay-gradient":""},"mobile":{"background-color":"","background-image":"","background-repeat":"repeat","background-position":"center center","background-size":"auto","background-attachment":"scroll","background-type":"","background-media":"","overlay-type":"","overlay-color":"","overlay-gradient":""}},"ast-content-background-meta":{"desktop":{"background-color":"var(--ast-global-color-5)","background-image":"","background-repeat":"repeat","background-position":"center center","background-size":"auto","background-attachment":"scroll","background-type":"","background-media":"","overlay-type":"","overlay-color":"","overlay-gradient":""},"tablet":{"background-color":"var(--ast-global-color-5)","background-image":"","background-repeat":"repeat","background-position":"center center","background-size":"auto","background-attachment":"scroll","background-type":"","background-media":"","overlay-type":"","overlay-color":"","overlay-gradient":""},"mobile":{"background-color":"var(--ast-global-color-5)","background-image":"","background-repeat":"repeat","background-position":"center center","background-size":"auto","background-attachment":"scroll","background-type":"","background-media":"","overlay-type":"","overlay-color":"","overlay-gradient":""}},"_joinchat":[]},"product_brand":[],"product_cat":[65,50],"product_tag":[],"class_list":{"0":"post-5741","1":"product","2":"type-product","3":"status-publish","4":"has-post-thumbnail","6":"product_cat-a-vendre","7":"product_cat-dollar","8":"desktop-align-center","9":"tablet-align-center","10":"mobile-align-center","12":"first","13":"instock","14":"shipping-taxable","15":"product-type-simple"},"_links":{"self":[{"href":"https:\/\/counterfeitbank.com\/index.php\/wp-json\/wp\/v2\/product\/5741","targetHints":{"allow":["GET"]}}],"collection":[{"href":"https:\/\/counterfeitbank.com\/index.php\/wp-json\/wp\/v2\/product"}],"about":[{"href":"https:\/\/counterfeitbank.com\/index.php\/wp-json\/wp\/v2\/types\/product"}],"replies":[{"embeddable":true,"href":"https:\/\/counterfeitbank.com\/index.php\/wp-json\/wp\/v2\/comments?post=5741"}],"wp:featuredmedia":[{"embeddable":true,"href":"https:\/\/counterfeitbank.com\/index.php\/wp-json\/wp\/v2\/media\/5587"}],"wp:attachment":[{"href":"https:\/\/counterfeitbank.com\/index.php\/wp-json\/wp\/v2\/media?parent=5741"}],"wp:term":[{"taxonomy":"product_brand","embeddable":true,"href":"https:\/\/counterfeitbank.com\/index.php\/wp-json\/wp\/v2\/product_brand?post=5741"},{"taxonomy":"product_cat","embeddable":true,"href":"https:\/\/counterfeitbank.com\/index.php\/wp-json\/wp\/v2\/product_cat?post=5741"},{"taxonomy":"product_tag","embeddable":true,"href":"https:\/\/counterfeitbank.com\/index.php\/wp-json\/wp\/v2\/product_tag?post=5741"}],"curies":[{"name":"wp","href":"https:\/\/api.w.org\/{rel}","templated":true}]}}