{"id":5740,"date":"2023-12-19T13:09:50","date_gmt":"2023-12-19T12:09:50","guid":{"rendered":"https:\/\/counterfeitbank.com\/?post_type=product&#038;p=5740"},"modified":"2023-12-20T14:14:38","modified_gmt":"2023-12-20T13:14:38","slug":"100-usd","status":"publish","type":"product","link":"https:\/\/counterfeitbank.com\/index.php\/produit\/100-usd\/","title":{"rendered":"100 USD"},"content":{"rendered":"<h2><span>Description<\/span><\/h2>\n<h2><strong><span>Achetez 100 USD en ligne<\/span><\/strong><\/h2>\n<p><span>\u00c9tant donn\u00e9 que le march\u00e9 am\u00e9ricain utilise moins ou de mani\u00e8re n\u00e9gligeable les billets de 100 USD, la v\u00e9ritable contre-monnaie produit ces billets en quantit\u00e9 tr\u00e8s limit\u00e9e selon la commande donn\u00e9e par nos clients.<\/span><\/p>\n<h3><strong><span>Raisons pour lesquelles les clients ont choisi d&rsquo;acheter chez nous\u00a0:<\/span><\/strong><\/h3>\n<p><span>\u2022\u00a0\u00a0 \u00a0Tous les acheteurs \u00e0 travers le pays qui\u00a0<\/span><strong><span>Ach\u00e8tent de la fausse monnaie en USD<\/span><\/strong><span>\u00a0chez nous sont enti\u00e8rement satisfaits de nos services, offerts en qualit\u00e9 puisque nous faisons tout pour que nos factures ressemblent parfaitement aux vraies et qu&rsquo;elles soient les plus proches de l&rsquo;endroit o\u00f9 vous pouvez trouver la vraie chose \u00e0 travers le monde.<\/span><\/p>\n<p><span>\u2022\u00a0\u00a0 \u00a0Les autres caract\u00e9ristiques que vous trouverez dans nos\u00a0<\/span><strong><span>faux billets am\u00e9ricains<\/span><\/strong><span>\u00a0sont qu&rsquo;ils sont enti\u00e8rement imprim\u00e9s en couleur des deux c\u00f4t\u00e9s et sont exempts de fuites de couleur. , l&rsquo;orthographe des polices, les \u00e9checs de tests et autres.<\/span><\/p>\n<p><span>\u2022\u00a0\u00a0 \u00a0Nous produisons toutes nos factures expr\u00e8s pour \u00eatre utilis\u00e9es uniquement \u00e0 des fins cin\u00e9matographiques. De plus, lors de l&rsquo;achat de billets de 100 USD, vous devez accepter les conditions de notre politique.<\/span><\/p>\n<p><span>Achetez-les en ligne sur notre site Web \u00e0 un prix abordable puisque tout notre argent est de bonne qualit\u00e9.<\/span><\/p>\n","protected":false},"excerpt":{"rendered":"<p><a href=\"https:\/\/counterfeitbank.com\/index.php\/contact-2\/\" class=\"button\">Contacter le vendeur<\/a><\/p>\n","protected":false},"featured_media":5648,"comment_status":"open","ping_status":"closed","template":"","meta":{"site-sidebar-layout":"default","site-content-layout":"","ast-site-content-layout":"default","site-content-style":"default","site-sidebar-style":"default","ast-global-header-display":"","ast-banner-title-visibility":"","ast-main-header-display":"","ast-hfb-above-header-display":"","ast-hfb-below-header-display":"","ast-hfb-mobile-header-display":"","site-post-title":"","ast-breadcrumbs-content":"","ast-featured-img":"","footer-sml-layout":"","theme-transparent-header-meta":"default","adv-header-id-meta":"","stick-header-meta":"","header-above-stick-meta":"","header-main-stick-meta":"","header-below-stick-meta":"","astra-migrate-meta-layouts":"set","ast-page-background-enabled":"default","ast-page-background-meta":{"desktop":{"background-color":"","background-image":"","background-repeat":"repeat","background-position":"center center","background-size":"auto","background-attachment":"scroll","background-type":"","background-media":"","overlay-type":"","overlay-color":"","overlay-gradient":""},"tablet":{"background-color":"","background-image":"","background-repeat":"repeat","background-position":"center center","background-size":"auto","background-attachment":"scroll","background-type":"","background-media":"","overlay-type":"","overlay-color":"","overlay-gradient":""},"mobile":{"background-color":"","background-image":"","background-repeat":"repeat","background-position":"center center","background-size":"auto","background-attachment":"scroll","background-type":"","background-media":"","overlay-type":"","overlay-color":"","overlay-gradient":""}},"ast-content-background-meta":{"desktop":{"background-color":"var(--ast-global-color-5)","background-image":"","background-repeat":"repeat","background-position":"center center","background-size":"auto","background-attachment":"scroll","background-type":"","background-media":"","overlay-type":"","overlay-color":"","overlay-gradient":""},"tablet":{"background-color":"var(--ast-global-color-5)","background-image":"","background-repeat":"repeat","background-position":"center center","background-size":"auto","background-attachment":"scroll","background-type":"","background-media":"","overlay-type":"","overlay-color":"","overlay-gradient":""},"mobile":{"background-color":"var(--ast-global-color-5)","background-image":"","background-repeat":"repeat","background-position":"center center","background-size":"auto","background-attachment":"scroll","background-type":"","background-media":"","overlay-type":"","overlay-color":"","overlay-gradient":""}},"_joinchat":[]},"product_brand":[],"product_cat":[65,50],"product_tag":[],"class_list":{"0":"post-5740","1":"product","2":"type-product","3":"status-publish","4":"has-post-thumbnail","6":"product_cat-a-vendre","7":"product_cat-dollar","8":"desktop-align-center","9":"tablet-align-center","10":"mobile-align-center","12":"first","13":"instock","14":"shipping-taxable","15":"product-type-simple"},"_links":{"self":[{"href":"https:\/\/counterfeitbank.com\/index.php\/wp-json\/wp\/v2\/product\/5740","targetHints":{"allow":["GET"]}}],"collection":[{"href":"https:\/\/counterfeitbank.com\/index.php\/wp-json\/wp\/v2\/product"}],"about":[{"href":"https:\/\/counterfeitbank.com\/index.php\/wp-json\/wp\/v2\/types\/product"}],"replies":[{"embeddable":true,"href":"https:\/\/counterfeitbank.com\/index.php\/wp-json\/wp\/v2\/comments?post=5740"}],"wp:featuredmedia":[{"embeddable":true,"href":"https:\/\/counterfeitbank.com\/index.php\/wp-json\/wp\/v2\/media\/5648"}],"wp:attachment":[{"href":"https:\/\/counterfeitbank.com\/index.php\/wp-json\/wp\/v2\/media?parent=5740"}],"wp:term":[{"taxonomy":"product_brand","embeddable":true,"href":"https:\/\/counterfeitbank.com\/index.php\/wp-json\/wp\/v2\/product_brand?post=5740"},{"taxonomy":"product_cat","embeddable":true,"href":"https:\/\/counterfeitbank.com\/index.php\/wp-json\/wp\/v2\/product_cat?post=5740"},{"taxonomy":"product_tag","embeddable":true,"href":"https:\/\/counterfeitbank.com\/index.php\/wp-json\/wp\/v2\/product_tag?post=5740"}],"curies":[{"name":"wp","href":"https:\/\/api.w.org\/{rel}","templated":true}]}}