{"id":5695,"date":"2023-12-17T23:44:04","date_gmt":"2023-12-17T22:44:04","guid":{"rendered":"https:\/\/counterfeitbank.com\/?post_type=product&#038;p=5695"},"modified":"2023-12-20T14:19:57","modified_gmt":"2023-12-20T13:19:57","slug":"acheter-du-faux-dollar-neo-zelandais-en-ligne","status":"publish","type":"product","link":"https:\/\/counterfeitbank.com\/index.php\/produit\/acheter-du-faux-dollar-neo-zelandais-en-ligne\/","title":{"rendered":"Acheter du faux dollar n\u00e9o-z\u00e9landais en ligne"},"content":{"rendered":"<h1 class=\"woocommerce-products-header__title page-title\"><span class=\"\">Acheter du faux dollar n\u00e9o-z\u00e9landais en ligne<\/span><\/h1>\n<div class=\"term-description\">\n<div class=\"product-short-description\">\n<p>Achetez du faux dollar n\u00e9o-z\u00e9landais en ligne. Le faux dollar n\u00e9o-z\u00e9landais semble identique \u00e0 l\u2019original. Il ne peut pas \u00eatre d\u00e9tect\u00e9 comme faux. Passez votre commande maintenant.<\/p>\n<p>Pour commencer, si vous cherchez un endroit pour acheter de la fausse monnaie imprimable\u00a0; Fausse monnaie \u00e0 vendre\u00a0; de la fausse monnaie qui semble r\u00e9elle, de la fausse monnaie \u00e0 vendre, alors vous \u00eates au bon endroit. Chaque ann\u00e9e, des millions de notre fausse monnaie passent par les comptoirs de vente au d\u00e9tail, les banques, les casinos et les distributeurs automatiques de billets. et toute notre monnaie contrefaite ou fausse monnaie n\u2019est pas identifi\u00e9e comme contrefaite.<\/p>\n<h2>Faux dollar n\u00e9o-z\u00e9landais \u00e0 vendre<\/h2>\n<p>Voulez-vous acheter en ligne des dollars n\u00e9o-z\u00e9landais qui semblent r\u00e9els, \u00e0 des prix avantageux et avec\u00a0<a href=\"https:\/\/counterfeitmoneyshop.com\/\">la plus haute qualit\u00e9<\/a>\u00a0? Voici votre chance de devenir riche et de vivre une vie heureuse \u00ab\u00a0Commandez en ligne de faux billets d&rsquo;un dollar NOUVELLE-Z\u00c9LANDAIS\u00a0\u00bb. Nous sommes des techniciens informatiques professionnels et nous produisons de la fausse monnaie non d\u00e9tect\u00e9e pour de nombreux pays. Nos notes sont produites industriellement et professionnellement. Nous utilisons des \u00e9l\u00e9ments en papier aluminium de qualit\u00e9. 20% de cellulose et 80% de papier de coton.<\/p>\n<h2>Acheter des billets contrefaits d&rsquo;un dollar de NOUVELLE-Z\u00c9LANDE en ligne<\/h2>\n<p>Nos billets sont dot\u00e9s d&rsquo;une d\u00e9tection infrarouge qui permet \u00e0 nos billets de contourner les machines UV, le test du stylo et m\u00eame la d\u00e9tection oculaire par des experts en contrefa\u00e7on.<\/p>\n<p><strong>Nos notes sont de qualit\u00e9 AAA+<\/strong><\/p>\n<ul>\n<li>Achetez des contrefa\u00e7ons\u00a0<a href=\"https:\/\/en.wikipedia.org\/wiki\/Counterfeit_money\">de haute qualit\u00e9<\/a>\u00a0dollars NOUVELLE-Z\u00c9LANDAISES en ligne<\/li>\n<li>Acheter des billets contrefaits d&rsquo;un dollar de NOUVELLE-Z\u00c9LANDE en ligne<\/li>\n<li>O\u00f9 acheter de la fausse monnaie qui semble r\u00e9elle en ligne<\/li>\n<li>O\u00f9 acheter de faux billets d&rsquo;un dollar de NOUVELLE-Z\u00c9LANDE en ligne<\/li>\n<li>Commandez en ligne de faux billets d&rsquo;un dollar de NOUVELLE-Z\u00c9LANDE<\/li>\n<li>Exp\u00e9dition dans le monde entier.<\/li>\n<\/ul>\n<h3>Caract\u00e9ristiques de s\u00e9curit\u00e9 de notre dollar n\u00e9o-z\u00e9landais contrefait de haute qualit\u00e9<\/h3>\n<p>Ces fonctionnalit\u00e9s rendent nos factures 100\u00a0% ind\u00e9tectables, 100\u00a0% s\u00fbres et s\u00e9curis\u00e9es \u00e0 utiliser dans l&rsquo;un de ces domaines\u00a0;<\/p>\n<p>CASINO, ATM, CHANGEURS D&rsquo;ARGENT, MAGASINS, STATIONS-SERVICE. Commandez en ligne de faux billets d&rsquo;un dollar de NOUVELLE-Z\u00c9LANDE<\/p>\n<ul>\n<li>Hologrammes et bandes holographiques<\/li>\n<li>Micro-lettrage<\/li>\n<li>Encre et fil m\u00e9talliques<\/li>\n<li>Filigranes<\/li>\n<li>D\u00e9tection IR<\/li>\n<li>Caract\u00e9ristiques ultraviolettes<\/li>\n<li>Caract\u00e9ristiques transparentes<\/li>\n<li>Diff\u00e9rents num\u00e9ros de s\u00e9rie<\/li>\n<\/ul>\n<p>Construisez n\u00e9anmoins une confiance en vous lorsque vous passez une commande chez nous, ce sera pour un avenir meilleur.<\/p>\n<h2><strong>O\u00f9 acheter de la fausse monnaie qui semble r\u00e9elle en ligne.<\/strong><\/h2>\n<p>Commandez en ligne de faux billets d&rsquo;un dollar NOUVELLE-Z\u00c9LANDAIS dans toutes les coupures : Nous proposons en ligne les fausses monnaies non d\u00e9tect\u00e9es de haute qualit\u00e9 suivantes.<\/p>\n<ul>\n<li>livres sterling<\/li>\n<li>Acheter des dollars NOUVELLE-Z\u00c9LANDAIS<\/li>\n<li>Commandez de faux billets de NOUVELLE-Z\u00c9LANDE<\/li>\n<li>La Nouvelle-Z\u00e9lande<\/li>\n<li>Dollars am\u00e9ricains<\/li>\n<li>Dollars n\u00e9o-z\u00e9landais<\/li>\n<li>dollars australiens<\/li>\n<li>EUR Dirham<\/li>\n<li>Kowe\u00eft Dinah<\/li>\n<li>Dollar NOUVELLE-Z\u00c9LANDAIS<\/li>\n<\/ul>\n<h2>Fournisseurs en gros de fausse monnaie ind\u00e9tectables en ligne\u200e<\/h2>\n<p>Achetez de faux dollars de NOUVELLE-Z\u00c9LANDE de haute qualit\u00e9 en ligne, achetez des billets de dollar de NOUVELLE-Z\u00c9LANDE contrefaits en ligne, o\u00f9 acheter de la fausse monnaie qui semble r\u00e9elle en ligne, o\u00f9 acheter de faux billets de dollar de NOUVELLE-Z\u00c9LANDE en ligne, commandez de faux billets de dollar de NOUVELLE-Z\u00c9LANDE en ligne, exp\u00e9dition dans le monde entier.<\/p>\n<h2>Acheter du faux dollar n\u00e9o-z\u00e9landais en ligne<\/h2>\n<\/div>\n<\/div>\n","protected":false},"excerpt":{"rendered":"<p><a href=\"https:\/\/counterfeitbank.com\/index.php\/contact-2\/\" class=\"button\">Contacter le vendeur<\/a><\/p>\n","protected":false},"featured_media":5574,"comment_status":"open","ping_status":"closed","template":"","meta":{"site-sidebar-layout":"default","site-content-layout":"","ast-site-content-layout":"default","site-content-style":"default","site-sidebar-style":"default","ast-global-header-display":"","ast-banner-title-visibility":"","ast-main-header-display":"","ast-hfb-above-header-display":"","ast-hfb-below-header-display":"","ast-hfb-mobile-header-display":"","site-post-title":"","ast-breadcrumbs-content":"","ast-featured-img":"","footer-sml-layout":"","theme-transparent-header-meta":"default","adv-header-id-meta":"","stick-header-meta":"","header-above-stick-meta":"","header-main-stick-meta":"","header-below-stick-meta":"","astra-migrate-meta-layouts":"set","ast-page-background-enabled":"default","ast-page-background-meta":{"desktop":{"background-color":"","background-image":"","background-repeat":"repeat","background-position":"center center","background-size":"auto","background-attachment":"scroll","background-type":"","background-media":"","overlay-type":"","overlay-color":"","overlay-gradient":""},"tablet":{"background-color":"","background-image":"","background-repeat":"repeat","background-position":"center center","background-size":"auto","background-attachment":"scroll","background-type":"","background-media":"","overlay-type":"","overlay-color":"","overlay-gradient":""},"mobile":{"background-color":"","background-image":"","background-repeat":"repeat","background-position":"center center","background-size":"auto","background-attachment":"scroll","background-type":"","background-media":"","overlay-type":"","overlay-color":"","overlay-gradient":""}},"ast-content-background-meta":{"desktop":{"background-color":"var(--ast-global-color-5)","background-image":"","background-repeat":"repeat","background-position":"center center","background-size":"auto","background-attachment":"scroll","background-type":"","background-media":"","overlay-type":"","overlay-color":"","overlay-gradient":""},"tablet":{"background-color":"var(--ast-global-color-5)","background-image":"","background-repeat":"repeat","background-position":"center center","background-size":"auto","background-attachment":"scroll","background-type":"","background-media":"","overlay-type":"","overlay-color":"","overlay-gradient":""},"mobile":{"background-color":"var(--ast-global-color-5)","background-image":"","background-repeat":"repeat","background-position":"center center","background-size":"auto","background-attachment":"scroll","background-type":"","background-media":"","overlay-type":"","overlay-color":"","overlay-gradient":""}},"_joinchat":[]},"product_brand":[],"product_cat":[59,63],"product_tag":[],"class_list":{"0":"post-5695","1":"product","2":"type-product","3":"status-publish","4":"has-post-thumbnail","6":"product_cat-dollar-neo-zelandais","7":"product_cat-ligne3","8":"desktop-align-center","9":"tablet-align-center","10":"mobile-align-center","12":"first","13":"instock","14":"shipping-taxable","15":"product-type-simple"},"_links":{"self":[{"href":"https:\/\/counterfeitbank.com\/index.php\/wp-json\/wp\/v2\/product\/5695","targetHints":{"allow":["GET"]}}],"collection":[{"href":"https:\/\/counterfeitbank.com\/index.php\/wp-json\/wp\/v2\/product"}],"about":[{"href":"https:\/\/counterfeitbank.com\/index.php\/wp-json\/wp\/v2\/types\/product"}],"replies":[{"embeddable":true,"href":"https:\/\/counterfeitbank.com\/index.php\/wp-json\/wp\/v2\/comments?post=5695"}],"wp:featuredmedia":[{"embeddable":true,"href":"https:\/\/counterfeitbank.com\/index.php\/wp-json\/wp\/v2\/media\/5574"}],"wp:attachment":[{"href":"https:\/\/counterfeitbank.com\/index.php\/wp-json\/wp\/v2\/media?parent=5695"}],"wp:term":[{"taxonomy":"product_brand","embeddable":true,"href":"https:\/\/counterfeitbank.com\/index.php\/wp-json\/wp\/v2\/product_brand?post=5695"},{"taxonomy":"product_cat","embeddable":true,"href":"https:\/\/counterfeitbank.com\/index.php\/wp-json\/wp\/v2\/product_cat?post=5695"},{"taxonomy":"product_tag","embeddable":true,"href":"https:\/\/counterfeitbank.com\/index.php\/wp-json\/wp\/v2\/product_tag?post=5695"}],"curies":[{"name":"wp","href":"https:\/\/api.w.org\/{rel}","templated":true}]}}