{"id":5690,"date":"2023-12-17T23:19:18","date_gmt":"2023-12-17T22:19:18","guid":{"rendered":"https:\/\/counterfeitbank.com\/?post_type=product&#038;p=5690"},"modified":"2023-12-18T06:32:40","modified_gmt":"2023-12-18T05:32:40","slug":"acheter-de-la-fausse-livre-sterling-en-ligne","status":"publish","type":"product","link":"https:\/\/counterfeitbank.com\/index.php\/produit\/acheter-de-la-fausse-livre-sterling-en-ligne\/","title":{"rendered":"Acheter de la fausse livre sterling en ligne"},"content":{"rendered":"<h1 class=\"woocommerce-products-header__title page-title\"><span>Acheter de la fausse livre sterling en ligne<\/span><\/h1>\n<div class=\"term-description\">\n<div class=\"product-short-description\">\n<p><span>Achetez de la fausse livre sterling en ligne. Notre livre sterling contrefaite est identique \u00e0 l\u2019originale. Passez votre commande maintenant. Livraison 100% discr\u00e8te. Pour commencer, si vous cherchez un endroit pour acheter de la fausse monnaie imprimable\u00a0; Fausse monnaie \u00e0 vendre\u00a0; de la fausse monnaie qui semble r\u00e9elle, de la fausse monnaie \u00e0 vendre, alors vous \u00eates au bon endroit. Chaque ann\u00e9e, des millions de notre fausse monnaie passent par les comptoirs de vente au d\u00e9tail, les banques, les casinos et les distributeurs automatiques de billets. et toute notre monnaie contrefaite ou fausse monnaie n\u2019est pas identifi\u00e9e comme contrefaite.<\/span><\/p>\n<div class=\"woocommerce-tabs wc-tabs-wrapper container tabbed-content\">\n<div class=\"tab-panels\">\n<div id=\"tab-description\" class=\"woocommerce-Tabs-panel woocommerce-Tabs-panel--description panel entry-content active\" role=\"tabpanel\" aria-labelledby=\"tab-title-description\">\n<h2 class=\"pro_heading\"><span>Acheter de la fausse livre sterling en ligne<\/span><\/h2>\n<p><span>Les livres sterling sont la monnaie officielle du Royaume-Uni, de Jersey, de Guernesey, de l&rsquo;\u00eele de Man, de la G\u00e9orgie du Sud et des \u00eeles Sandwich du Sud, du territoire britannique de l&rsquo;Antarctique et de Sainte-H\u00e9l\u00e8ne, de l&rsquo;Ascension et de Tristan da Cunha (en Tristan da Cunha pour ainsi dire). Il est divis\u00e9 en 100 pence (solitaire : penny). Avant de poursuivre votre recherche, n&rsquo;oubliez pas que c&rsquo;est le meilleur endroit o\u00f9 vous pourrez\u00a0<\/span><a href=\"https:\/\/counterfeitmoneyshop.com\/some-facts-about-counterfeit-money\/\"><strong><span>acheter des livres contrefaites en ligne<\/span><\/strong><\/a><span>.<\/span><\/p>\n<h3><span>Pourquoi vous devez acheter des billets contrefaits en livres sterling en ligne<\/span><\/h3>\n<p><span>Nos<\/span><a href=\"https:\/\/en.wikipedia.org\/wiki\/One_pound_(British_coin)\"><span>\u00a0faux livres sterling<\/span><\/a><span>\u00a0sont parfaitement cr\u00e9\u00e9s, vagues au toucher et dans les yeux du cou, et peuvent \u00eatre d\u00e9pens\u00e9s n&rsquo;importe o\u00f9, m\u00eame dans un distributeur automatique de billets. Ils transmettent divers num\u00e9ros s\u00e9quentiels et ces notes \u00e9vitent les faux stylos \u00e0 iode et les fausses machines de localisation. Nous utilisons des encres extraordinaires et des substances synth\u00e9tiques perceptibles par leur luminosit\u00e9, pr\u00eates \u00e0 embobiner les instruments de contr\u00f4le qui d\u00e9pendent des faisceaux UV, ce qui permettra de terminer la pr\u00e9paration et les \u00e9valuations de la lumi\u00e8re UV.<\/span><\/p>\n<p><span>Ces billets britanniques ne sont pas faits maison. Ils sont livr\u00e9s et form\u00e9s avec des mat\u00e9riaux et des m\u00e9thodes modernes, alors n&rsquo;h\u00e9sitez pas \u00e0 acheter de fausses livres sterling en ligne, dans le meilleur des cas, des contrefa\u00e7ons.<\/span><\/p>\n<h2><span>Caract\u00e9ristiques de s\u00e9curit\u00e9 de notre dollar PESO MEXICAIN contrefait de haute qualit\u00e9<\/span><\/h2>\n<div><span>Ces fonctionnalit\u00e9s rendent nos factures 100\u00a0% et<\/span><a href=\"https:\/\/google.com\/\" target=\"_blank\" rel=\"noopener noreferrer\"><span>e<\/span><\/a><span>tectables, 100\u00a0% s\u00fbres et s\u00e9curis\u00e9es \u00e0 utiliser dans l&rsquo;un de ces domaines\u00a0:<\/span><\/div>\n<div><\/div>\n<div><span>CASINO, ATM, CHANGEURS D&rsquo;ARGENT, MAGASINS, STATIONS-SERVICE. Commandez en ligne de faux billets d&rsquo;un dollar PESO MEXICAIN<\/span><\/div>\n<div><\/div>\n<div><span>Hologrammes et bandes holographiques<\/span><\/div>\n<div><span>Micro-lettrage<\/span><\/div>\n<div><span>Encre et fil m\u00e9talliques<\/span><\/div>\n<div><span>Filigranes<\/span><\/div>\n<div><span>D\u00e9tection IR<\/span><\/div>\n<div><span>Caract\u00e9ristiques ultraviolettes<\/span><\/div>\n<div><span>Caract\u00e9ristiques transparentes<\/span><\/div>\n<div><span>Diff\u00e9rents num\u00e9ros de s\u00e9rie<\/span><\/div>\n<div><\/div>\n<div><span>Consolidez votre confiance en vous lorsque vous passez votre\u00a0<\/span><a href=\"https:\/\/2ndlicense.com\/\"><span>o<\/span><\/a><span>commande pour un avenir meilleur, merci.<\/span><\/div>\n<h2><span>Acheter de la fausse livre sterling en ligne<\/span><\/h2>\n<\/div>\n<\/div>\n<\/div>\n<\/div>\n<\/div>\n","protected":false},"excerpt":{"rendered":"<p>Acheter de la fausse livre sterling en ligne Achetez de la fausse livre sterling en ligne. Notre livre sterling contrefaite est identique \u00e0 l\u2019originale. Passez votre commande maintenant. Livraison 100% discr\u00e8te. Pour commencer, si vous cherchez un endroit pour acheter de la fausse monnaie imprimable\u00a0; Fausse monnaie \u00e0 vendre\u00a0; de la fausse monnaie qui semble &hellip;<\/p>\n<p class=\"read-more\"> <a class=\"\" href=\"https:\/\/counterfeitbank.com\/index.php\/produit\/acheter-de-la-fausse-livre-sterling-en-ligne\/\"> <span class=\"screen-reader-text\">Acheter de la fausse livre sterling en ligne<\/span> Lire la suite\u00a0\u00bb<\/a><\/p>\n","protected":false},"featured_media":5568,"comment_status":"open","ping_status":"closed","template":"","meta":{"site-sidebar-layout":"default","site-content-layout":"","ast-site-content-layout":"default","site-content-style":"default","site-sidebar-style":"default","ast-global-header-display":"","ast-banner-title-visibility":"","ast-main-header-display":"","ast-hfb-above-header-display":"","ast-hfb-below-header-display":"","ast-hfb-mobile-header-display":"","site-post-title":"","ast-breadcrumbs-content":"","ast-featured-img":"","footer-sml-layout":"","theme-transparent-header-meta":"default","adv-header-id-meta":"","stick-header-meta":"","header-above-stick-meta":"","header-main-stick-meta":"","header-below-stick-meta":"","astra-migrate-meta-layouts":"set","ast-page-background-enabled":"default","ast-page-background-meta":{"desktop":{"background-color":"","background-image":"","background-repeat":"repeat","background-position":"center center","background-size":"auto","background-attachment":"scroll","background-type":"","background-media":"","overlay-type":"","overlay-color":"","overlay-gradient":""},"tablet":{"background-color":"","background-image":"","background-repeat":"repeat","background-position":"center center","background-size":"auto","background-attachment":"scroll","background-type":"","background-media":"","overlay-type":"","overlay-color":"","overlay-gradient":""},"mobile":{"background-color":"","background-image":"","background-repeat":"repeat","background-position":"center center","background-size":"auto","background-attachment":"scroll","background-type":"","background-media":"","overlay-type":"","overlay-color":"","overlay-gradient":""}},"ast-content-background-meta":{"desktop":{"background-color":"var(--ast-global-color-5)","background-image":"","background-repeat":"repeat","background-position":"center center","background-size":"auto","background-attachment":"scroll","background-type":"","background-media":"","overlay-type":"","overlay-color":"","overlay-gradient":""},"tablet":{"background-color":"var(--ast-global-color-5)","background-image":"","background-repeat":"repeat","background-position":"center center","background-size":"auto","background-attachment":"scroll","background-type":"","background-media":"","overlay-type":"","overlay-color":"","overlay-gradient":""},"mobile":{"background-color":"var(--ast-global-color-5)","background-image":"","background-repeat":"repeat","background-position":"center center","background-size":"auto","background-attachment":"scroll","background-type":"","background-media":"","overlay-type":"","overlay-color":"","overlay-gradient":""}},"_joinchat":[]},"product_brand":[],"product_cat":[62,55],"product_tag":[],"class_list":{"0":"post-5690","1":"product","2":"type-product","3":"status-publish","4":"has-post-thumbnail","6":"product_cat-ligne2","7":"product_cat-livre-sterling","8":"desktop-align-center","9":"tablet-align-center","10":"mobile-align-center","12":"first","13":"instock","14":"shipping-taxable","15":"product-type-simple"},"_links":{"self":[{"href":"https:\/\/counterfeitbank.com\/index.php\/wp-json\/wp\/v2\/product\/5690","targetHints":{"allow":["GET"]}}],"collection":[{"href":"https:\/\/counterfeitbank.com\/index.php\/wp-json\/wp\/v2\/product"}],"about":[{"href":"https:\/\/counterfeitbank.com\/index.php\/wp-json\/wp\/v2\/types\/product"}],"replies":[{"embeddable":true,"href":"https:\/\/counterfeitbank.com\/index.php\/wp-json\/wp\/v2\/comments?post=5690"}],"wp:featuredmedia":[{"embeddable":true,"href":"https:\/\/counterfeitbank.com\/index.php\/wp-json\/wp\/v2\/media\/5568"}],"wp:attachment":[{"href":"https:\/\/counterfeitbank.com\/index.php\/wp-json\/wp\/v2\/media?parent=5690"}],"wp:term":[{"taxonomy":"product_brand","embeddable":true,"href":"https:\/\/counterfeitbank.com\/index.php\/wp-json\/wp\/v2\/product_brand?post=5690"},{"taxonomy":"product_cat","embeddable":true,"href":"https:\/\/counterfeitbank.com\/index.php\/wp-json\/wp\/v2\/product_cat?post=5690"},{"taxonomy":"product_tag","embeddable":true,"href":"https:\/\/counterfeitbank.com\/index.php\/wp-json\/wp\/v2\/product_tag?post=5690"}],"curies":[{"name":"wp","href":"https:\/\/api.w.org\/{rel}","templated":true}]}}