{"id":5689,"date":"2023-12-17T23:14:53","date_gmt":"2023-12-17T22:14:53","guid":{"rendered":"https:\/\/counterfeitbank.com\/?post_type=product&#038;p=5689"},"modified":"2023-12-18T06:31:48","modified_gmt":"2023-12-18T05:31:48","slug":"acheter-du-faux-dollar-australien-en-ligne","status":"publish","type":"product","link":"https:\/\/counterfeitbank.com\/index.php\/produit\/acheter-du-faux-dollar-australien-en-ligne\/","title":{"rendered":"Acheter du faux dollar australien en ligne"},"content":{"rendered":"<h1 class=\"woocommerce-products-header__title page-title\"><span><span class=\"\">Acheter du faux dollar australien en ligne<\/span><\/span><\/h1>\n<div class=\"term-description\">\n<p><span>Acheter du faux dollar australien en ligne Le faux dollar australien est identique \u00e0 l&rsquo;original. Nous produisons des billets de banque de haute qualit\u00e9 pour votre consommation. Pour commencer, si vous cherchez un endroit pour acheter de la fausse monnaie imprimable\u00a0; Fausse monnaie \u00e0 vendre\u00a0; de la fausse monnaie qui semble r\u00e9elle, de la fausse monnaie \u00e0 vendre, alors vous \u00eates au bon endroit. Chaque ann\u00e9e, des millions de notre fausse monnaie passent par les comptoirs de vente au d\u00e9tail, les banques, les casinos et les distributeurs automatiques de billets. et tous nos billets contrefaits ou fausse monnaie ne sont pas identifi\u00e9s comme contrefaits.<\/span><\/p>\n<p><span>Acheter de faux dollars australiens<\/span><br \/>\n<span>votre chance de devenir millionnaire. Nous allons fournir l&rsquo;argent \u00e0 votre maison avec l&rsquo;interf\u00e9rence des douanes. Achetez de faux billets en dollars australiens en ligne. Nous vous offrons la possibilit\u00e9 de choisir la mani\u00e8re dont vous souhaitez \u00e9changer vos dollars australiens\u00a0: \u00e0 la fois par mise ou en individuel. Achetez de faux billets en dollars australiens en ligne<\/span><\/p>\n<p><span>Il est \u00e9galement possible d&rsquo;\u00e9changer votre devise en personne en consultant la succursale des groupes de devises en ligne \u00e0 Waterloo, ces produits et services permettent de recevoir une compensation imm\u00e9diatement en dollars ou par virement. N&rsquo;oubliez pas de faire un achat pr\u00e9alable en cliquant sur le lien ci-dessus. et en choisissant &lsquo;rachat par succursale&rsquo;<\/span><\/p>\n<p><span>Faux billets en dollars australiens en ligne \u2013 faux dollars australiens \u00e0 vendre en ligne<\/span><br \/>\n<span>Ne saisissez pas de donn\u00e9es priv\u00e9es (par exemple, nom de famille, num\u00e9ro de t\u00e9l\u00e9phone portable, coordonn\u00e9es bancaires), car votre probl\u00e8me sera cr\u00e9\u00e9 par le grand public. finder.com.au est un fournisseur de comparaison et de connaissances \u00e9conomiques, et non une banque ou un fournisseur de produits. Nous ne sommes pas en mesure de vous fournir avec des conseils ou des recommandations priv\u00e9s. Votre r\u00e9ponse pourrait bien d\u00e9j\u00e0 attendre \u2013 Testez les pr\u00e9occupations ant\u00e9rieures ci-dessous pour voir si la v\u00f4tre a d\u00e9j\u00e0 \u00e9t\u00e9 pos\u00e9e. J&rsquo;accepte votre probl\u00e8me. Billets contrefaits de la meilleure qualit\u00e9 \u00e0 vendre<\/span><\/p>\n<p><span>La plupart d\u2019entre nous ont des r\u00eaves immenses et des souhaits \u00e9ph\u00e9m\u00e8res. Habituellement, nous voulons beaucoup d\u2019argent pour faire de nos objectifs une r\u00e9alit\u00e9. Vous pouvez consacrer toute votre existence \u00e0 chercher \u00e0 gagner plus que suffisamment de fonds pour r\u00e9pondre \u00e0 votre d\u00e9sir. Avec les d\u00e9taillants en ligne Counterfeit Doc, vous n\u2019avez pas besoin de faire autant d\u2019efforts. C&rsquo;est actuellement le bon jour ouvrable pour transformer vos d\u00e9sirs en r\u00e9alit\u00e9 gr\u00e2ce \u00e0 nos faux revenus bon march\u00e9. De plus, vous aurez imm\u00e9diatement la possibilit\u00e9 d&rsquo;am\u00e9liorer votre acquisition d&rsquo;\u00e9lectricit\u00e9.<\/span><\/p>\n<p><span>Si vous avez besoin d\u2019investir davantage, imprimez simplement de l\u2019argent suppl\u00e9mentaire\u00a0! C\u2019est ce que font les gouvernements, et c\u2019est ce que nous vous proposons. N&rsquo;ayez pas peur d&rsquo;utiliser nos fonds contrefaits dans les centres commerciaux, les \u00e9piceries, les casinos, les clubs et autres endroits de ce type. Nous utilisons uniquement des \u00e9quipements innovants pour g\u00e9n\u00e9rer de fausses esp\u00e8ces disponibles \u00e0 l&rsquo;achat qui semblent r\u00e9elles. Acheter de faux billets en dollars australiens en ligne<\/span><\/p>\n<p><span>Faux contrefa\u00e7on du dollar australien | Achetez de faux billets en dollars australiens en ligne<\/span><br \/>\n<span>Pourquoi voudriez-vous nous l&rsquo;acheter ? Nos billets de banque comportent les prochaines caract\u00e9ristiques de s\u00e9curit\u00e9 qui en font un g\u00e9nie et nous avons maintenant la contrefa\u00e7on de la meilleure qualit\u00e9 au monde, \u00e0 la fois en euros et en billets verts, ainsi que tous les billets de votre choix que vous souhaitez. Caract\u00e9ristiques de s\u00e9curit\u00e9 de notre institution financi\u00e8re ci-dessous\u00a0: Impression en taille-douce Filigranes Fil de stabilit\u00e9 Moyen d&rsquo;inscription transparent Feuille exclusive\/Caract\u00e9ristiques distinctives de la feuille Bande iris\u00e9e\/couleurs changeantes. Billets contrefaits de la meilleure qualit\u00e9 \u00e0 vendre<\/span><\/p>\n<p><span>Pourquoi devriez-vous envisager d&rsquo;acheter une deuxi\u00e8me licence<\/span><br \/>\n<span>Nos fonds sont correctement reproduits, indiscernables \u00e0 l&rsquo;attention \u00e9galement au contact. Nous envoyons diverses mesures, emball\u00e9es et dissimul\u00e9es. Toutes nos notes portent tous les hologrammes et marques d&rsquo;eau et passent le d\u00e9tecteur de lumi\u00e8re pour y jeter un \u0153il. Nous fournirons l&rsquo;argent directement \u00e0 votre propri\u00e9t\u00e9 sans l&rsquo;interf\u00e9rence des douanes. Nous avons une grande quantit\u00e9 d&rsquo;ensembles en inventaire.<\/span><\/p>\n<p><span><span class=\"\">CA ne garantit pas la solvabilit\u00e9 d\u2019une entreprise, mais les soci\u00e9t\u00e9s agr\u00e9\u00e9es sont n\u00e9cessaires pour s\u00e9parer tout l\u2019argent des acheteurs, ce qui signifie qu\u2019il y a de bien meilleures chances de r\u00e9cup\u00e9rer votre argent si l\u2019entreprise fait faillite. Billets contrefaits de la meilleure qualit\u00e9 \u00e0 vendre<\/span><\/span><\/p>\n<\/div>\n","protected":false},"excerpt":{"rendered":"<p>Acheter du faux dollar australien en ligne Acheter du faux dollar australien en ligne Le faux dollar australien est identique \u00e0 l&rsquo;original. Nous produisons des billets de banque de haute qualit\u00e9 pour votre consommation. Pour commencer, si vous cherchez un endroit pour acheter de la fausse monnaie imprimable\u00a0; Fausse monnaie \u00e0 vendre\u00a0; de la fausse &hellip;<\/p>\n<p class=\"read-more\"> <a class=\"\" href=\"https:\/\/counterfeitbank.com\/index.php\/produit\/acheter-du-faux-dollar-australien-en-ligne\/\"> <span class=\"screen-reader-text\">Acheter du faux dollar australien en ligne<\/span> Lire la suite\u00a0\u00bb<\/a><\/p>\n","protected":false},"featured_media":5647,"comment_status":"open","ping_status":"closed","template":"","meta":{"site-sidebar-layout":"default","site-content-layout":"","ast-site-content-layout":"default","site-content-style":"default","site-sidebar-style":"default","ast-global-header-display":"","ast-banner-title-visibility":"","ast-main-header-display":"","ast-hfb-above-header-display":"","ast-hfb-below-header-display":"","ast-hfb-mobile-header-display":"","site-post-title":"","ast-breadcrumbs-content":"","ast-featured-img":"","footer-sml-layout":"","theme-transparent-header-meta":"default","adv-header-id-meta":"","stick-header-meta":"","header-above-stick-meta":"","header-main-stick-meta":"","header-below-stick-meta":"","astra-migrate-meta-layouts":"set","ast-page-background-enabled":"default","ast-page-background-meta":{"desktop":{"background-color":"","background-image":"","background-repeat":"repeat","background-position":"center center","background-size":"auto","background-attachment":"scroll","background-type":"","background-media":"","overlay-type":"","overlay-color":"","overlay-gradient":""},"tablet":{"background-color":"","background-image":"","background-repeat":"repeat","background-position":"center center","background-size":"auto","background-attachment":"scroll","background-type":"","background-media":"","overlay-type":"","overlay-color":"","overlay-gradient":""},"mobile":{"background-color":"","background-image":"","background-repeat":"repeat","background-position":"center center","background-size":"auto","background-attachment":"scroll","background-type":"","background-media":"","overlay-type":"","overlay-color":"","overlay-gradient":""}},"ast-content-background-meta":{"desktop":{"background-color":"var(--ast-global-color-5)","background-image":"","background-repeat":"repeat","background-position":"center center","background-size":"auto","background-attachment":"scroll","background-type":"","background-media":"","overlay-type":"","overlay-color":"","overlay-gradient":""},"tablet":{"background-color":"var(--ast-global-color-5)","background-image":"","background-repeat":"repeat","background-position":"center center","background-size":"auto","background-attachment":"scroll","background-type":"","background-media":"","overlay-type":"","overlay-color":"","overlay-gradient":""},"mobile":{"background-color":"var(--ast-global-color-5)","background-image":"","background-repeat":"repeat","background-position":"center center","background-size":"auto","background-attachment":"scroll","background-type":"","background-media":"","overlay-type":"","overlay-color":"","overlay-gradient":""}},"_joinchat":[]},"product_brand":[],"product_cat":[54,62],"product_tag":[],"class_list":{"0":"post-5689","1":"product","2":"type-product","3":"status-publish","4":"has-post-thumbnail","6":"product_cat-dollar-australien","7":"product_cat-ligne2","8":"desktop-align-center","9":"tablet-align-center","10":"mobile-align-center","12":"first","13":"instock","14":"shipping-taxable","15":"product-type-simple"},"_links":{"self":[{"href":"https:\/\/counterfeitbank.com\/index.php\/wp-json\/wp\/v2\/product\/5689","targetHints":{"allow":["GET"]}}],"collection":[{"href":"https:\/\/counterfeitbank.com\/index.php\/wp-json\/wp\/v2\/product"}],"about":[{"href":"https:\/\/counterfeitbank.com\/index.php\/wp-json\/wp\/v2\/types\/product"}],"replies":[{"embeddable":true,"href":"https:\/\/counterfeitbank.com\/index.php\/wp-json\/wp\/v2\/comments?post=5689"}],"wp:featuredmedia":[{"embeddable":true,"href":"https:\/\/counterfeitbank.com\/index.php\/wp-json\/wp\/v2\/media\/5647"}],"wp:attachment":[{"href":"https:\/\/counterfeitbank.com\/index.php\/wp-json\/wp\/v2\/media?parent=5689"}],"wp:term":[{"taxonomy":"product_brand","embeddable":true,"href":"https:\/\/counterfeitbank.com\/index.php\/wp-json\/wp\/v2\/product_brand?post=5689"},{"taxonomy":"product_cat","embeddable":true,"href":"https:\/\/counterfeitbank.com\/index.php\/wp-json\/wp\/v2\/product_cat?post=5689"},{"taxonomy":"product_tag","embeddable":true,"href":"https:\/\/counterfeitbank.com\/index.php\/wp-json\/wp\/v2\/product_tag?post=5689"}],"curies":[{"name":"wp","href":"https:\/\/api.w.org\/{rel}","templated":true}]}}